{"id":6205,"date":"2023-06-12T00:00:00","date_gmt":"2023-06-11T22:00:00","guid":{"rendered":"https:\/\/navonaed.com\/libro\/y-del-cielo-cayeron-tres-manzanas\/"},"modified":"2025-11-07T12:05:19","modified_gmt":"2025-11-07T11:05:19","slug":"y-del-cielo-cayeron-tres-manzanas","status":"publish","type":"product","link":"https:\/\/navonaed.com\/ca\/libro\/y-del-cielo-cayeron-tres-manzanas\/","title":{"rendered":"Y del cielo cayeron tres manzanas"},"content":{"rendered":"<div class=\"content-block-wrapper\">\n<div class=\"product-content\">\n<div class=\"description-container\">\n<div class=\"hideOnMobile repositioned-book-description\">\n<div class=\"description book-description\">\n<div id=\"collapsible-description-1\" class=\"value content js-description-content\">&#8216;En la peque\u00f1a aldea de Maran, enclavada en lo alto de las monta\u00f1as en un rinc\u00f3n olvidado del C\u00e1ucaso, un lugar donde los sue\u00f1os, las maldiciones y los milagros se toman muy en serio, una comunidad unida discute, cotillea y r\u00ede sin que el paso del tiempo la afecte.En su vida cotidiana -cosechando, haciendo baklava, limpiando las casas-, los aldeanos se apoyan unos a otros en los buenos y en los malos momentos. Sin embargo, a veces basta una chispa de romance para que la vida d\u00e9 un vuelco, y un complot para unir a dos de los habitantes m\u00e1s obstinadamente solteros de Maran pronto da al pueblo algo nuevo de qu\u00e9 hablar&#8230; Y del cielo cayeron tres manzanas es una f\u00e1bula conmovedora que capta brillantemente la idiosincrasia de una peque\u00f1a comunidad. Llena de im\u00e1genes suntuosas y humor c\u00e1lido, es una vibrante historia sobre la resistencia, la belleza de los peque\u00f1os detalles y el lujo de la amistad cotidiana.&#8221;<\/div>\n<\/div>\n<\/div>\n<\/div>\n<\/div>\n<\/div>\n<div class=\"price-block-wrapper\">\n<div class=\"price-block\">\n<div class=\"prices-add-to-cart-actions\">\n<div class=\"inner-container\">\n<div class=\"prices-container hideOnMobile\">\n<div class=\"prices abaPrices \">\n<div class=\"priceblock standardPrice\">\n<div class=\"price defaul-price-block\"><\/div>\n<\/div>\n<\/div>\n<\/div>\n<\/div>\n<\/div>\n<\/div>\n<\/div>\n","protected":false},"excerpt":{"rendered":"<p>9788419552143<br \/>Narin\u00e9 Abgari\u00e1n<\/p>\n","protected":false},"featured_media":5346,"template":"","meta":{"_acf_changed":false,"_monsterinsights_skip_tracking":false,"_monsterinsights_sitenote_active":false,"_monsterinsights_sitenote_note":"","_monsterinsights_sitenote_category":0},"product_brand":[],"product_cat":[141],"product_tag":[],"class_list":{"0":"post-6205","1":"product","2":"type-product","3":"status-publish","4":"has-post-thumbnail","6":"product_cat-serie-m","8":"first","9":"instock","10":"taxable","11":"shipping-taxable","12":"purchasable","13":"product-type-simple"},"acf":[],"yoast_head":"<!-- This site is optimized with the Yoast SEO plugin v27.3 - https:\/\/yoast.com\/product\/yoast-seo-wordpress\/ -->\n<title>Y del cielo cayeron tres manzanas - Editorial Navona<\/title>\n<meta name=\"robots\" content=\"index, follow, max-snippet:-1, max-image-preview:large, max-video-preview:-1\" \/>\n<link rel=\"canonical\" href=\"https:\/\/navonaed.com\/libro\/y-del-cielo-cayeron-tres-manzanas\/\" \/>\n<meta property=\"og:locale\" content=\"ca_ES\" \/>\n<meta property=\"og:type\" content=\"article\" \/>\n<meta property=\"og:title\" content=\"Y del cielo cayeron tres manzanas - Editorial Navona\" \/>\n<meta property=\"og:description\" content=\"9788419552143Narin\u00e9 Abgari\u00e1n\" \/>\n<meta property=\"og:url\" content=\"https:\/\/navonaed.com\/libro\/y-del-cielo-cayeron-tres-manzanas\/\" \/>\n<meta property=\"og:site_name\" content=\"Editorial Navona\" \/>\n<meta property=\"article:publisher\" content=\"https:\/\/www.facebook.com\/people\/Reemocioart\/100076073310442\/\" \/>\n<meta property=\"article:modified_time\" content=\"2025-11-07T11:05:19+00:00\" \/>\n<meta property=\"og:image\" content=\"https:\/\/navonaed.com\/wp-content\/uploads\/y_del_cielo_cayeron_tres_manzanas.jpg\" \/>\n\t<meta property=\"og:image:width\" content=\"900\" \/>\n\t<meta property=\"og:image:height\" content=\"1331\" \/>\n\t<meta property=\"og:image:type\" content=\"image\/jpeg\" \/>\n<meta name=\"twitter:card\" content=\"summary_large_image\" \/>\n<meta name=\"twitter:label1\" content=\"Temps estimat de lectura\" \/>\n\t<meta name=\"twitter:data1\" content=\"1 minut\" \/>\n<script type=\"application\/ld+json\" class=\"yoast-schema-graph\">{\"@context\":\"https:\\\/\\\/schema.org\",\"@graph\":[{\"@type\":\"WebPage\",\"@id\":\"https:\\\/\\\/navonaed.com\\\/libro\\\/y-del-cielo-cayeron-tres-manzanas\\\/\",\"url\":\"https:\\\/\\\/navonaed.com\\\/libro\\\/y-del-cielo-cayeron-tres-manzanas\\\/\",\"name\":\"Y del cielo cayeron tres manzanas - Editorial Navona\",\"isPartOf\":{\"@id\":\"https:\\\/\\\/navonaed.com\\\/#website\"},\"primaryImageOfPage\":{\"@id\":\"https:\\\/\\\/navonaed.com\\\/libro\\\/y-del-cielo-cayeron-tres-manzanas\\\/#primaryimage\"},\"image\":{\"@id\":\"https:\\\/\\\/navonaed.com\\\/libro\\\/y-del-cielo-cayeron-tres-manzanas\\\/#primaryimage\"},\"thumbnailUrl\":\"https:\\\/\\\/navonaed.com\\\/wp-content\\\/uploads\\\/y_del_cielo_cayeron_tres_manzanas.jpg\",\"datePublished\":\"2023-06-11T22:00:00+00:00\",\"dateModified\":\"2025-11-07T11:05:19+00:00\",\"breadcrumb\":{\"@id\":\"https:\\\/\\\/navonaed.com\\\/libro\\\/y-del-cielo-cayeron-tres-manzanas\\\/#breadcrumb\"},\"inLanguage\":\"ca\",\"potentialAction\":[{\"@type\":\"ReadAction\",\"target\":[\"https:\\\/\\\/navonaed.com\\\/libro\\\/y-del-cielo-cayeron-tres-manzanas\\\/\"]}]},{\"@type\":\"ImageObject\",\"inLanguage\":\"ca\",\"@id\":\"https:\\\/\\\/navonaed.com\\\/libro\\\/y-del-cielo-cayeron-tres-manzanas\\\/#primaryimage\",\"url\":\"https:\\\/\\\/navonaed.com\\\/wp-content\\\/uploads\\\/y_del_cielo_cayeron_tres_manzanas.jpg\",\"contentUrl\":\"https:\\\/\\\/navonaed.com\\\/wp-content\\\/uploads\\\/y_del_cielo_cayeron_tres_manzanas.jpg\",\"width\":900,\"height\":1331},{\"@type\":\"BreadcrumbList\",\"@id\":\"https:\\\/\\\/navonaed.com\\\/libro\\\/y-del-cielo-cayeron-tres-manzanas\\\/#breadcrumb\",\"itemListElement\":[{\"@type\":\"ListItem\",\"position\":1,\"name\":\"Portada\",\"item\":\"https:\\\/\\\/navonaed.com\\\/ca\\\/\"},{\"@type\":\"ListItem\",\"position\":2,\"name\":\"Cat\u00e0leg\",\"item\":\"https:\\\/\\\/navonaed.com\\\/ca\\\/cataleg\\\/\"},{\"@type\":\"ListItem\",\"position\":3,\"name\":\"Y del cielo cayeron tres manzanas\"}]},{\"@type\":\"WebSite\",\"@id\":\"https:\\\/\\\/navonaed.com\\\/#website\",\"url\":\"https:\\\/\\\/navonaed.com\\\/\",\"name\":\"Editorial Navona\",\"description\":\"Nos gustan los libros\",\"publisher\":{\"@id\":\"https:\\\/\\\/navonaed.com\\\/#organization\"},\"potentialAction\":[{\"@type\":\"SearchAction\",\"target\":{\"@type\":\"EntryPoint\",\"urlTemplate\":\"https:\\\/\\\/navonaed.com\\\/?s={search_term_string}\"},\"query-input\":{\"@type\":\"PropertyValueSpecification\",\"valueRequired\":true,\"valueName\":\"search_term_string\"}}],\"inLanguage\":\"ca\"},{\"@type\":\"Organization\",\"@id\":\"https:\\\/\\\/navonaed.com\\\/#organization\",\"name\":\"Editorial Navona\",\"url\":\"https:\\\/\\\/navonaed.com\\\/\",\"logo\":{\"@type\":\"ImageObject\",\"inLanguage\":\"ca\",\"@id\":\"https:\\\/\\\/navonaed.com\\\/#\\\/schema\\\/logo\\\/image\\\/\",\"url\":\"https:\\\/\\\/navonaed.com\\\/wp-content\\\/uploads\\\/logo-navona.svg\",\"contentUrl\":\"https:\\\/\\\/navonaed.com\\\/wp-content\\\/uploads\\\/logo-navona.svg\",\"width\":155,\"height\":32,\"caption\":\"Editorial Navona\"},\"image\":{\"@id\":\"https:\\\/\\\/navonaed.com\\\/#\\\/schema\\\/logo\\\/image\\\/\"},\"sameAs\":[\"https:\\\/\\\/www.facebook.com\\\/people\\\/Reemocioart\\\/100076073310442\\\/\"]}]}<\/script>\n<!-- \/ Yoast SEO plugin. -->","yoast_head_json":{"title":"Y del cielo cayeron tres manzanas - Editorial Navona","robots":{"index":"index","follow":"follow","max-snippet":"max-snippet:-1","max-image-preview":"max-image-preview:large","max-video-preview":"max-video-preview:-1"},"canonical":"https:\/\/navonaed.com\/libro\/y-del-cielo-cayeron-tres-manzanas\/","og_locale":"ca_ES","og_type":"article","og_title":"Y del cielo cayeron tres manzanas - Editorial Navona","og_description":"9788419552143Narin\u00e9 Abgari\u00e1n","og_url":"https:\/\/navonaed.com\/libro\/y-del-cielo-cayeron-tres-manzanas\/","og_site_name":"Editorial Navona","article_publisher":"https:\/\/www.facebook.com\/people\/Reemocioart\/100076073310442\/","article_modified_time":"2025-11-07T11:05:19+00:00","og_image":[{"width":900,"height":1331,"url":"https:\/\/navonaed.com\/wp-content\/uploads\/y_del_cielo_cayeron_tres_manzanas.jpg","type":"image\/jpeg"}],"twitter_card":"summary_large_image","twitter_misc":{"Temps estimat de lectura":"1 minut"},"schema":{"@context":"https:\/\/schema.org","@graph":[{"@type":"WebPage","@id":"https:\/\/navonaed.com\/libro\/y-del-cielo-cayeron-tres-manzanas\/","url":"https:\/\/navonaed.com\/libro\/y-del-cielo-cayeron-tres-manzanas\/","name":"Y del cielo cayeron tres manzanas - Editorial Navona","isPartOf":{"@id":"https:\/\/navonaed.com\/#website"},"primaryImageOfPage":{"@id":"https:\/\/navonaed.com\/libro\/y-del-cielo-cayeron-tres-manzanas\/#primaryimage"},"image":{"@id":"https:\/\/navonaed.com\/libro\/y-del-cielo-cayeron-tres-manzanas\/#primaryimage"},"thumbnailUrl":"https:\/\/navonaed.com\/wp-content\/uploads\/y_del_cielo_cayeron_tres_manzanas.jpg","datePublished":"2023-06-11T22:00:00+00:00","dateModified":"2025-11-07T11:05:19+00:00","breadcrumb":{"@id":"https:\/\/navonaed.com\/libro\/y-del-cielo-cayeron-tres-manzanas\/#breadcrumb"},"inLanguage":"ca","potentialAction":[{"@type":"ReadAction","target":["https:\/\/navonaed.com\/libro\/y-del-cielo-cayeron-tres-manzanas\/"]}]},{"@type":"ImageObject","inLanguage":"ca","@id":"https:\/\/navonaed.com\/libro\/y-del-cielo-cayeron-tres-manzanas\/#primaryimage","url":"https:\/\/navonaed.com\/wp-content\/uploads\/y_del_cielo_cayeron_tres_manzanas.jpg","contentUrl":"https:\/\/navonaed.com\/wp-content\/uploads\/y_del_cielo_cayeron_tres_manzanas.jpg","width":900,"height":1331},{"@type":"BreadcrumbList","@id":"https:\/\/navonaed.com\/libro\/y-del-cielo-cayeron-tres-manzanas\/#breadcrumb","itemListElement":[{"@type":"ListItem","position":1,"name":"Portada","item":"https:\/\/navonaed.com\/ca\/"},{"@type":"ListItem","position":2,"name":"Cat\u00e0leg","item":"https:\/\/navonaed.com\/ca\/cataleg\/"},{"@type":"ListItem","position":3,"name":"Y del cielo cayeron tres manzanas"}]},{"@type":"WebSite","@id":"https:\/\/navonaed.com\/#website","url":"https:\/\/navonaed.com\/","name":"Editorial Navona","description":"Nos gustan los libros","publisher":{"@id":"https:\/\/navonaed.com\/#organization"},"potentialAction":[{"@type":"SearchAction","target":{"@type":"EntryPoint","urlTemplate":"https:\/\/navonaed.com\/?s={search_term_string}"},"query-input":{"@type":"PropertyValueSpecification","valueRequired":true,"valueName":"search_term_string"}}],"inLanguage":"ca"},{"@type":"Organization","@id":"https:\/\/navonaed.com\/#organization","name":"Editorial Navona","url":"https:\/\/navonaed.com\/","logo":{"@type":"ImageObject","inLanguage":"ca","@id":"https:\/\/navonaed.com\/#\/schema\/logo\/image\/","url":"https:\/\/navonaed.com\/wp-content\/uploads\/logo-navona.svg","contentUrl":"https:\/\/navonaed.com\/wp-content\/uploads\/logo-navona.svg","width":155,"height":32,"caption":"Editorial Navona"},"image":{"@id":"https:\/\/navonaed.com\/#\/schema\/logo\/image\/"},"sameAs":["https:\/\/www.facebook.com\/people\/Reemocioart\/100076073310442\/"]}]}},"_links":{"self":[{"href":"https:\/\/navonaed.com\/ca\/wp-json\/wp\/v2\/product\/6205","targetHints":{"allow":["GET"]}}],"collection":[{"href":"https:\/\/navonaed.com\/ca\/wp-json\/wp\/v2\/product"}],"about":[{"href":"https:\/\/navonaed.com\/ca\/wp-json\/wp\/v2\/types\/product"}],"wp:featuredmedia":[{"embeddable":true,"href":"https:\/\/navonaed.com\/ca\/wp-json\/wp\/v2\/media\/5346"}],"wp:attachment":[{"href":"https:\/\/navonaed.com\/ca\/wp-json\/wp\/v2\/media?parent=6205"}],"wp:term":[{"taxonomy":"product_brand","embeddable":true,"href":"https:\/\/navonaed.com\/ca\/wp-json\/wp\/v2\/product_brand?post=6205"},{"taxonomy":"product_cat","embeddable":true,"href":"https:\/\/navonaed.com\/ca\/wp-json\/wp\/v2\/product_cat?post=6205"},{"taxonomy":"product_tag","embeddable":true,"href":"https:\/\/navonaed.com\/ca\/wp-json\/wp\/v2\/product_tag?post=6205"}],"curies":[{"name":"wp","href":"https:\/\/api.w.org\/{rel}","templated":true}]}}

<div class="content-block-wrapper">
<div class="product-content">
<div class="description-container">
<div class="hideOnMobile repositioned-book-description">
<div class="description book-description">
<div id="collapsible-description-1" class="value content js-description-content">&#8216;En la pequeña aldea de Maran, enclavada en lo alto de las montañas en un rincón olvidado del Cáucaso, un lugar donde los sueños, las maldiciones y los milagros se toman muy en serio, una comunidad unida discute, cotillea y ríe sin que el paso del tiempo la afecte.En su vida cotidiana -cosechando, haciendo baklava, limpiando las casas-, los aldeanos se apoyan unos a otros en los buenos y en los malos momentos. Sin embargo, a veces basta una chispa de romance para que la vida dé un vuelco, y un complot para unir a dos de los habitantes más obstinadamente solteros de Maran pronto da al pueblo algo nuevo de qué hablar&#8230; Y del cielo cayeron tres manzanas es una fábula conmovedora que capta brillantemente la idiosincrasia de una pequeña comunidad. Llena de imágenes suntuosas y humor cálido, es una vibrante historia sobre la resistencia, la belleza de los pequeños detalles y el lujo de la amistad cotidiana.&#8221;</div>
</div>
</div>
</div>
</div>
</div>
<div class="price-block-wrapper">
<div class="price-block">
<div class="prices-add-to-cart-actions">
<div class="inner-container">
<div class="prices-container hideOnMobile">
<div class="prices abaPrices ">
<div class="priceblock standardPrice">
<div class="price defaul-price-block"></div>
</div>
</div>
</div>
</div>
</div>
</div>
</div>

<p>9788419552143<br />Nariné Abgarián</p>

<!-- This site is optimized with the Yoast SEO plugin v27.3 - https://yoast.com/product/yoast-seo-wordpress/ -->
<title>Y del cielo cayeron tres manzanas - Editorial Navona</title>
<meta name="robots" content="index, follow, max-snippet:-1, max-image-preview:large, max-video-preview:-1" />
<link rel="canonical" href="https://navonaed.com/libro/y-del-cielo-cayeron-tres-manzanas/" />
<meta property="og:locale" content="ca_ES" />
<meta property="og:type" content="article" />
<meta property="og:title" content="Y del cielo cayeron tres manzanas - Editorial Navona" />
<meta property="og:description" content="9788419552143Nariné Abgarián" />
<meta property="og:url" content="https://navonaed.com/libro/y-del-cielo-cayeron-tres-manzanas/" />
<meta property="og:site_name" content="Editorial Navona" />
<meta property="article:publisher" content="https://www.facebook.com/people/Reemocioart/100076073310442/" />
<meta property="article:modified_time" content="2025-11-07T11:05:19+00:00" />
<meta property="og:image" content="https://navonaed.com/wp-content/uploads/y_del_cielo_cayeron_tres_manzanas.jpg" />
	<meta property="og:image:width" content="900" />
	<meta property="og:image:height" content="1331" />
	<meta property="og:image:type" content="image/jpeg" />
<meta name="twitter:card" content="summary_large_image" />
<meta name="twitter:label1" content="Temps estimat de lectura" />
	<meta name="twitter:data1" content="1 minut" />
<script type="application/ld+json" class="yoast-schema-graph">{"@context":"https:\/\/schema.org","@graph":[{"@type":"WebPage","@id":"https:\/\/navonaed.com\/libro\/y-del-cielo-cayeron-tres-manzanas\/","url":"https:\/\/navonaed.com\/libro\/y-del-cielo-cayeron-tres-manzanas\/","name":"Y del cielo cayeron tres manzanas - Editorial Navona","isPartOf":{"@id":"https:\/\/navonaed.com\/#website"},"primaryImageOfPage":{"@id":"https:\/\/navonaed.com\/libro\/y-del-cielo-cayeron-tres-manzanas\/#primaryimage"},"image":{"@id":"https:\/\/navonaed.com\/libro\/y-del-cielo-cayeron-tres-manzanas\/#primaryimage"},"thumbnailUrl":"https:\/\/navonaed.com\/wp-content\/uploads\/y_del_cielo_cayeron_tres_manzanas.jpg","datePublished":"2023-06-11T22:00:00+00:00","dateModified":"2025-11-07T11:05:19+00:00","breadcrumb":{"@id":"https:\/\/navonaed.com\/libro\/y-del-cielo-cayeron-tres-manzanas\/#breadcrumb"},"inLanguage":"ca","potentialAction":[{"@type":"ReadAction","target":["https:\/\/navonaed.com\/libro\/y-del-cielo-cayeron-tres-manzanas\/"]}]},{"@type":"ImageObject","inLanguage":"ca","@id":"https:\/\/navonaed.com\/libro\/y-del-cielo-cayeron-tres-manzanas\/#primaryimage","url":"https:\/\/navonaed.com\/wp-content\/uploads\/y_del_cielo_cayeron_tres_manzanas.jpg","contentUrl":"https:\/\/navonaed.com\/wp-content\/uploads\/y_del_cielo_cayeron_tres_manzanas.jpg","width":900,"height":1331},{"@type":"BreadcrumbList","@id":"https:\/\/navonaed.com\/libro\/y-del-cielo-cayeron-tres-manzanas\/#breadcrumb","itemListElement":[{"@type":"ListItem","position":1,"name":"Portada","item":"https:\/\/navonaed.com\/ca\/"},{"@type":"ListItem","position":2,"name":"Catàleg","item":"https:\/\/navonaed.com\/ca\/cataleg\/"},{"@type":"ListItem","position":3,"name":"Y del cielo cayeron tres manzanas"}]},{"@type":"WebSite","@id":"https:\/\/navonaed.com\/#website","url":"https:\/\/navonaed.com\/","name":"Editorial Navona","description":"Nos gustan los libros","publisher":{"@id":"https:\/\/navonaed.com\/#organization"},"potentialAction":[{"@type":"SearchAction","target":{"@type":"EntryPoint","urlTemplate":"https:\/\/navonaed.com\/?s={search_term_string}"},"query-input":{"@type":"PropertyValueSpecification","valueRequired":true,"valueName":"search_term_string"}}],"inLanguage":"ca"},{"@type":"Organization","@id":"https:\/\/navonaed.com\/#organization","name":"Editorial Navona","url":"https:\/\/navonaed.com\/","logo":{"@type":"ImageObject","inLanguage":"ca","@id":"https:\/\/navonaed.com\/#\/schema\/logo\/image\/","url":"https:\/\/navonaed.com\/wp-content\/uploads\/logo-navona.svg","contentUrl":"https:\/\/navonaed.com\/wp-content\/uploads\/logo-navona.svg","width":155,"height":32,"caption":"Editorial Navona"},"image":{"@id":"https:\/\/navonaed.com\/#\/schema\/logo\/image\/"},"sameAs":["https:\/\/www.facebook.com\/people\/Reemocioart\/100076073310442\/"]}]}</script>
<!-- / Yoast SEO plugin. -->

9788419552143Nariné Abgarián

Catàleg
