{"id":6837,"date":"2026-01-20T09:30:46","date_gmt":"2026-01-20T08:30:46","guid":{"rendered":"https:\/\/navonaed.com\/?post_type=product&#038;p=6837"},"modified":"2026-01-20T09:32:36","modified_gmt":"2026-01-20T08:32:36","slug":"poeta-en-nueva-york-2","status":"publish","type":"product","link":"https:\/\/navonaed.com\/ca\/libro\/poeta-en-nueva-york-2\/","title":{"rendered":"Poeta en Nueva York"},"content":{"rendered":"<div class=\"section\">\n<div class=\"justify\">\n<p>Poeta en Nueva York es el resultado de la primera visita al extranjero de Lorca: una estancia que el poeta describi\u00f3 como &#8220;una de las experiencias m\u00e1s \u00fatiles de mi vida&#8221;. Tras la publicaci\u00f3n de <em>Canciones<\/em> (1927) y <em>Primer romancero gitano<\/em> (1928), Federico confes\u00f3 en sus cartas estar atravesando una crisis vital, por lo que necesitaba desvincularse durante cierto tiempo del ambiente andaluz y de su c\u00edrculo madrile\u00f1o de amigos. En 1929, Fernando de los R\u00edos, antiguo maestro de Federico y amigo de la familia, propuso que el joven le acompa\u00f1ara en su viaje a Norteam\u00e9rica. Los nueve meses que pas\u00f3 en Nueva York y Vermont y luego en Cuba cambiaron su visi\u00f3n de s\u00ed mismo y de su arte. No en vano ese fue el primer encuentro de Garc\u00eda Lorca con la diversidad religiosa y racial; su primer contacto con los rascacielos, con las grandes masas urbanas y con un mundo mecanizado. Casi podr\u00eda decirse que el viaje a Nueva York represent\u00f3 su descubrimiento de la modernidad. All\u00ed explor\u00f3 el teatro en lengua inglesa, pase\u00f3 por el barrio de Harlem con la novelista Nella Larsen, escuch\u00f3 jazz y blues, conoci\u00f3 el cine sonoro, ley\u00f3 a Whitman y a T. S. Eliot y se dedic\u00f3 a escribir uno de los libros m\u00e1s importantes de su trayectoria, que se publicar\u00eda cuatro a\u00f1os despu\u00e9s de su muerte.<\/p>\n<\/div>\n<div class=\"justify\"><\/div>\n<\/div>\n<div>\n<div class=\"section py-0\"><\/div>\n<\/div>\n","protected":false},"excerpt":{"rendered":"<p>9788410180772<br \/>Federico Garc\u00eda Lorca<\/p>\n","protected":false},"featured_media":6838,"template":"","meta":{"_acf_changed":false,"_monsterinsights_skip_tracking":false,"_monsterinsights_sitenote_active":false,"_monsterinsights_sitenote_note":"","_monsterinsights_sitenote_category":0},"product_brand":[],"product_cat":[144],"product_tag":[],"class_list":{"0":"post-6837","1":"product","2":"type-product","3":"status-publish","4":"has-post-thumbnail","6":"product_cat-los-ineludibles","8":"first","9":"instock","10":"taxable","11":"shipping-taxable","12":"purchasable","13":"product-type-simple"},"acf":[],"yoast_head":"<!-- This site is optimized with the Yoast SEO plugin v27.3 - https:\/\/yoast.com\/product\/yoast-seo-wordpress\/ -->\n<title>Poeta en Nueva York - Editorial Navona<\/title>\n<meta name=\"robots\" content=\"index, follow, max-snippet:-1, max-image-preview:large, max-video-preview:-1\" \/>\n<link rel=\"canonical\" href=\"https:\/\/navonaed.com\/libro\/poeta-en-nueva-york-2\/\" \/>\n<meta property=\"og:locale\" content=\"ca_ES\" \/>\n<meta property=\"og:type\" content=\"article\" \/>\n<meta property=\"og:title\" content=\"Poeta en Nueva York - Editorial Navona\" \/>\n<meta property=\"og:description\" content=\"9788410180772Federico Garc\u00eda Lorca\" \/>\n<meta property=\"og:url\" content=\"https:\/\/navonaed.com\/libro\/poeta-en-nueva-york-2\/\" \/>\n<meta property=\"og:site_name\" content=\"Editorial Navona\" \/>\n<meta property=\"article:publisher\" content=\"https:\/\/www.facebook.com\/people\/Reemocioart\/100076073310442\/\" \/>\n<meta property=\"article:modified_time\" content=\"2026-01-20T08:32:36+00:00\" \/>\n<meta property=\"og:image\" content=\"https:\/\/navonaed.com\/wp-content\/uploads\/poeta-en-ny-1024x1525.jpg\" \/>\n\t<meta property=\"og:image:width\" content=\"1024\" \/>\n\t<meta property=\"og:image:height\" content=\"1525\" \/>\n\t<meta property=\"og:image:type\" content=\"image\/jpeg\" \/>\n<meta name=\"twitter:card\" content=\"summary_large_image\" \/>\n<meta name=\"twitter:label1\" content=\"Temps estimat de lectura\" \/>\n\t<meta name=\"twitter:data1\" content=\"2 minuts\" \/>\n<script type=\"application\/ld+json\" class=\"yoast-schema-graph\">{\"@context\":\"https:\\\/\\\/schema.org\",\"@graph\":[{\"@type\":\"WebPage\",\"@id\":\"https:\\\/\\\/navonaed.com\\\/libro\\\/poeta-en-nueva-york-2\\\/\",\"url\":\"https:\\\/\\\/navonaed.com\\\/libro\\\/poeta-en-nueva-york-2\\\/\",\"name\":\"Poeta en Nueva York - Editorial Navona\",\"isPartOf\":{\"@id\":\"https:\\\/\\\/navonaed.com\\\/#website\"},\"primaryImageOfPage\":{\"@id\":\"https:\\\/\\\/navonaed.com\\\/libro\\\/poeta-en-nueva-york-2\\\/#primaryimage\"},\"image\":{\"@id\":\"https:\\\/\\\/navonaed.com\\\/libro\\\/poeta-en-nueva-york-2\\\/#primaryimage\"},\"thumbnailUrl\":\"https:\\\/\\\/navonaed.com\\\/wp-content\\\/uploads\\\/poeta-en-ny.jpg\",\"datePublished\":\"2026-01-20T08:30:46+00:00\",\"dateModified\":\"2026-01-20T08:32:36+00:00\",\"breadcrumb\":{\"@id\":\"https:\\\/\\\/navonaed.com\\\/libro\\\/poeta-en-nueva-york-2\\\/#breadcrumb\"},\"inLanguage\":\"ca\",\"potentialAction\":[{\"@type\":\"ReadAction\",\"target\":[\"https:\\\/\\\/navonaed.com\\\/libro\\\/poeta-en-nueva-york-2\\\/\"]}]},{\"@type\":\"ImageObject\",\"inLanguage\":\"ca\",\"@id\":\"https:\\\/\\\/navonaed.com\\\/libro\\\/poeta-en-nueva-york-2\\\/#primaryimage\",\"url\":\"https:\\\/\\\/navonaed.com\\\/wp-content\\\/uploads\\\/poeta-en-ny.jpg\",\"contentUrl\":\"https:\\\/\\\/navonaed.com\\\/wp-content\\\/uploads\\\/poeta-en-ny.jpg\",\"width\":1713,\"height\":2551},{\"@type\":\"BreadcrumbList\",\"@id\":\"https:\\\/\\\/navonaed.com\\\/libro\\\/poeta-en-nueva-york-2\\\/#breadcrumb\",\"itemListElement\":[{\"@type\":\"ListItem\",\"position\":1,\"name\":\"Portada\",\"item\":\"https:\\\/\\\/navonaed.com\\\/ca\\\/\"},{\"@type\":\"ListItem\",\"position\":2,\"name\":\"Cat\u00e0leg\",\"item\":\"https:\\\/\\\/navonaed.com\\\/ca\\\/cataleg\\\/\"},{\"@type\":\"ListItem\",\"position\":3,\"name\":\"Poeta en Nueva York\"}]},{\"@type\":\"WebSite\",\"@id\":\"https:\\\/\\\/navonaed.com\\\/#website\",\"url\":\"https:\\\/\\\/navonaed.com\\\/\",\"name\":\"Editorial Navona\",\"description\":\"Nos gustan los libros\",\"publisher\":{\"@id\":\"https:\\\/\\\/navonaed.com\\\/#organization\"},\"potentialAction\":[{\"@type\":\"SearchAction\",\"target\":{\"@type\":\"EntryPoint\",\"urlTemplate\":\"https:\\\/\\\/navonaed.com\\\/?s={search_term_string}\"},\"query-input\":{\"@type\":\"PropertyValueSpecification\",\"valueRequired\":true,\"valueName\":\"search_term_string\"}}],\"inLanguage\":\"ca\"},{\"@type\":\"Organization\",\"@id\":\"https:\\\/\\\/navonaed.com\\\/#organization\",\"name\":\"Editorial Navona\",\"url\":\"https:\\\/\\\/navonaed.com\\\/\",\"logo\":{\"@type\":\"ImageObject\",\"inLanguage\":\"ca\",\"@id\":\"https:\\\/\\\/navonaed.com\\\/#\\\/schema\\\/logo\\\/image\\\/\",\"url\":\"https:\\\/\\\/navonaed.com\\\/wp-content\\\/uploads\\\/logo-navona.svg\",\"contentUrl\":\"https:\\\/\\\/navonaed.com\\\/wp-content\\\/uploads\\\/logo-navona.svg\",\"width\":155,\"height\":32,\"caption\":\"Editorial Navona\"},\"image\":{\"@id\":\"https:\\\/\\\/navonaed.com\\\/#\\\/schema\\\/logo\\\/image\\\/\"},\"sameAs\":[\"https:\\\/\\\/www.facebook.com\\\/people\\\/Reemocioart\\\/100076073310442\\\/\"]}]}<\/script>\n<!-- \/ Yoast SEO plugin. -->","yoast_head_json":{"title":"Poeta en Nueva York - Editorial Navona","robots":{"index":"index","follow":"follow","max-snippet":"max-snippet:-1","max-image-preview":"max-image-preview:large","max-video-preview":"max-video-preview:-1"},"canonical":"https:\/\/navonaed.com\/libro\/poeta-en-nueva-york-2\/","og_locale":"ca_ES","og_type":"article","og_title":"Poeta en Nueva York - Editorial Navona","og_description":"9788410180772Federico Garc\u00eda Lorca","og_url":"https:\/\/navonaed.com\/libro\/poeta-en-nueva-york-2\/","og_site_name":"Editorial Navona","article_publisher":"https:\/\/www.facebook.com\/people\/Reemocioart\/100076073310442\/","article_modified_time":"2026-01-20T08:32:36+00:00","og_image":[{"width":1024,"height":1525,"url":"https:\/\/navonaed.com\/wp-content\/uploads\/poeta-en-ny-1024x1525.jpg","type":"image\/jpeg"}],"twitter_card":"summary_large_image","twitter_misc":{"Temps estimat de lectura":"2 minuts"},"schema":{"@context":"https:\/\/schema.org","@graph":[{"@type":"WebPage","@id":"https:\/\/navonaed.com\/libro\/poeta-en-nueva-york-2\/","url":"https:\/\/navonaed.com\/libro\/poeta-en-nueva-york-2\/","name":"Poeta en Nueva York - Editorial Navona","isPartOf":{"@id":"https:\/\/navonaed.com\/#website"},"primaryImageOfPage":{"@id":"https:\/\/navonaed.com\/libro\/poeta-en-nueva-york-2\/#primaryimage"},"image":{"@id":"https:\/\/navonaed.com\/libro\/poeta-en-nueva-york-2\/#primaryimage"},"thumbnailUrl":"https:\/\/navonaed.com\/wp-content\/uploads\/poeta-en-ny.jpg","datePublished":"2026-01-20T08:30:46+00:00","dateModified":"2026-01-20T08:32:36+00:00","breadcrumb":{"@id":"https:\/\/navonaed.com\/libro\/poeta-en-nueva-york-2\/#breadcrumb"},"inLanguage":"ca","potentialAction":[{"@type":"ReadAction","target":["https:\/\/navonaed.com\/libro\/poeta-en-nueva-york-2\/"]}]},{"@type":"ImageObject","inLanguage":"ca","@id":"https:\/\/navonaed.com\/libro\/poeta-en-nueva-york-2\/#primaryimage","url":"https:\/\/navonaed.com\/wp-content\/uploads\/poeta-en-ny.jpg","contentUrl":"https:\/\/navonaed.com\/wp-content\/uploads\/poeta-en-ny.jpg","width":1713,"height":2551},{"@type":"BreadcrumbList","@id":"https:\/\/navonaed.com\/libro\/poeta-en-nueva-york-2\/#breadcrumb","itemListElement":[{"@type":"ListItem","position":1,"name":"Portada","item":"https:\/\/navonaed.com\/ca\/"},{"@type":"ListItem","position":2,"name":"Cat\u00e0leg","item":"https:\/\/navonaed.com\/ca\/cataleg\/"},{"@type":"ListItem","position":3,"name":"Poeta en Nueva York"}]},{"@type":"WebSite","@id":"https:\/\/navonaed.com\/#website","url":"https:\/\/navonaed.com\/","name":"Editorial Navona","description":"Nos gustan los libros","publisher":{"@id":"https:\/\/navonaed.com\/#organization"},"potentialAction":[{"@type":"SearchAction","target":{"@type":"EntryPoint","urlTemplate":"https:\/\/navonaed.com\/?s={search_term_string}"},"query-input":{"@type":"PropertyValueSpecification","valueRequired":true,"valueName":"search_term_string"}}],"inLanguage":"ca"},{"@type":"Organization","@id":"https:\/\/navonaed.com\/#organization","name":"Editorial Navona","url":"https:\/\/navonaed.com\/","logo":{"@type":"ImageObject","inLanguage":"ca","@id":"https:\/\/navonaed.com\/#\/schema\/logo\/image\/","url":"https:\/\/navonaed.com\/wp-content\/uploads\/logo-navona.svg","contentUrl":"https:\/\/navonaed.com\/wp-content\/uploads\/logo-navona.svg","width":155,"height":32,"caption":"Editorial Navona"},"image":{"@id":"https:\/\/navonaed.com\/#\/schema\/logo\/image\/"},"sameAs":["https:\/\/www.facebook.com\/people\/Reemocioart\/100076073310442\/"]}]}},"_links":{"self":[{"href":"https:\/\/navonaed.com\/ca\/wp-json\/wp\/v2\/product\/6837","targetHints":{"allow":["GET"]}}],"collection":[{"href":"https:\/\/navonaed.com\/ca\/wp-json\/wp\/v2\/product"}],"about":[{"href":"https:\/\/navonaed.com\/ca\/wp-json\/wp\/v2\/types\/product"}],"wp:featuredmedia":[{"embeddable":true,"href":"https:\/\/navonaed.com\/ca\/wp-json\/wp\/v2\/media\/6838"}],"wp:attachment":[{"href":"https:\/\/navonaed.com\/ca\/wp-json\/wp\/v2\/media?parent=6837"}],"wp:term":[{"taxonomy":"product_brand","embeddable":true,"href":"https:\/\/navonaed.com\/ca\/wp-json\/wp\/v2\/product_brand?post=6837"},{"taxonomy":"product_cat","embeddable":true,"href":"https:\/\/navonaed.com\/ca\/wp-json\/wp\/v2\/product_cat?post=6837"},{"taxonomy":"product_tag","embeddable":true,"href":"https:\/\/navonaed.com\/ca\/wp-json\/wp\/v2\/product_tag?post=6837"}],"curies":[{"name":"wp","href":"https:\/\/api.w.org\/{rel}","templated":true}]}}

<div class="section">
<div class="justify">
<p>Poeta en Nueva York es el resultado de la primera visita al extranjero de Lorca: una estancia que el poeta describió como &#8220;una de las experiencias más útiles de mi vida&#8221;. Tras la publicación de <em>Canciones</em> (1927) y <em>Primer romancero gitano</em> (1928), Federico confesó en sus cartas estar atravesando una crisis vital, por lo que necesitaba desvincularse durante cierto tiempo del ambiente andaluz y de su círculo madrileño de amigos. En 1929, Fernando de los Ríos, antiguo maestro de Federico y amigo de la familia, propuso que el joven le acompañara en su viaje a Norteamérica. Los nueve meses que pasó en Nueva York y Vermont y luego en Cuba cambiaron su visión de sí mismo y de su arte. No en vano ese fue el primer encuentro de García Lorca con la diversidad religiosa y racial; su primer contacto con los rascacielos, con las grandes masas urbanas y con un mundo mecanizado. Casi podría decirse que el viaje a Nueva York representó su descubrimiento de la modernidad. Allí exploró el teatro en lengua inglesa, paseó por el barrio de Harlem con la novelista Nella Larsen, escuchó jazz y blues, conoció el cine sonoro, leyó a Whitman y a T. S. Eliot y se dedicó a escribir uno de los libros más importantes de su trayectoria, que se publicaría cuatro años después de su muerte.</p>
</div>
<div class="justify"></div>
</div>
<div>
<div class="section py-0"></div>
</div>

<p>9788410180772<br />Federico García Lorca</p>

<!-- This site is optimized with the Yoast SEO plugin v27.3 - https://yoast.com/product/yoast-seo-wordpress/ -->
<title>Poeta en Nueva York - Editorial Navona</title>
<meta name="robots" content="index, follow, max-snippet:-1, max-image-preview:large, max-video-preview:-1" />
<link rel="canonical" href="https://navonaed.com/libro/poeta-en-nueva-york-2/" />
<meta property="og:locale" content="ca_ES" />
<meta property="og:type" content="article" />
<meta property="og:title" content="Poeta en Nueva York - Editorial Navona" />
<meta property="og:description" content="9788410180772Federico García Lorca" />
<meta property="og:url" content="https://navonaed.com/libro/poeta-en-nueva-york-2/" />
<meta property="og:site_name" content="Editorial Navona" />
<meta property="article:publisher" content="https://www.facebook.com/people/Reemocioart/100076073310442/" />
<meta property="article:modified_time" content="2026-01-20T08:32:36+00:00" />
<meta property="og:image" content="https://navonaed.com/wp-content/uploads/poeta-en-ny-1024x1525.jpg" />
	<meta property="og:image:width" content="1024" />
	<meta property="og:image:height" content="1525" />
	<meta property="og:image:type" content="image/jpeg" />
<meta name="twitter:card" content="summary_large_image" />
<meta name="twitter:label1" content="Temps estimat de lectura" />
	<meta name="twitter:data1" content="2 minuts" />
<script type="application/ld+json" class="yoast-schema-graph">{"@context":"https:\/\/schema.org","@graph":[{"@type":"WebPage","@id":"https:\/\/navonaed.com\/libro\/poeta-en-nueva-york-2\/","url":"https:\/\/navonaed.com\/libro\/poeta-en-nueva-york-2\/","name":"Poeta en Nueva York - Editorial Navona","isPartOf":{"@id":"https:\/\/navonaed.com\/#website"},"primaryImageOfPage":{"@id":"https:\/\/navonaed.com\/libro\/poeta-en-nueva-york-2\/#primaryimage"},"image":{"@id":"https:\/\/navonaed.com\/libro\/poeta-en-nueva-york-2\/#primaryimage"},"thumbnailUrl":"https:\/\/navonaed.com\/wp-content\/uploads\/poeta-en-ny.jpg","datePublished":"2026-01-20T08:30:46+00:00","dateModified":"2026-01-20T08:32:36+00:00","breadcrumb":{"@id":"https:\/\/navonaed.com\/libro\/poeta-en-nueva-york-2\/#breadcrumb"},"inLanguage":"ca","potentialAction":[{"@type":"ReadAction","target":["https:\/\/navonaed.com\/libro\/poeta-en-nueva-york-2\/"]}]},{"@type":"ImageObject","inLanguage":"ca","@id":"https:\/\/navonaed.com\/libro\/poeta-en-nueva-york-2\/#primaryimage","url":"https:\/\/navonaed.com\/wp-content\/uploads\/poeta-en-ny.jpg","contentUrl":"https:\/\/navonaed.com\/wp-content\/uploads\/poeta-en-ny.jpg","width":1713,"height":2551},{"@type":"BreadcrumbList","@id":"https:\/\/navonaed.com\/libro\/poeta-en-nueva-york-2\/#breadcrumb","itemListElement":[{"@type":"ListItem","position":1,"name":"Portada","item":"https:\/\/navonaed.com\/ca\/"},{"@type":"ListItem","position":2,"name":"Catàleg","item":"https:\/\/navonaed.com\/ca\/cataleg\/"},{"@type":"ListItem","position":3,"name":"Poeta en Nueva York"}]},{"@type":"WebSite","@id":"https:\/\/navonaed.com\/#website","url":"https:\/\/navonaed.com\/","name":"Editorial Navona","description":"Nos gustan los libros","publisher":{"@id":"https:\/\/navonaed.com\/#organization"},"potentialAction":[{"@type":"SearchAction","target":{"@type":"EntryPoint","urlTemplate":"https:\/\/navonaed.com\/?s={search_term_string}"},"query-input":{"@type":"PropertyValueSpecification","valueRequired":true,"valueName":"search_term_string"}}],"inLanguage":"ca"},{"@type":"Organization","@id":"https:\/\/navonaed.com\/#organization","name":"Editorial Navona","url":"https:\/\/navonaed.com\/","logo":{"@type":"ImageObject","inLanguage":"ca","@id":"https:\/\/navonaed.com\/#\/schema\/logo\/image\/","url":"https:\/\/navonaed.com\/wp-content\/uploads\/logo-navona.svg","contentUrl":"https:\/\/navonaed.com\/wp-content\/uploads\/logo-navona.svg","width":155,"height":32,"caption":"Editorial Navona"},"image":{"@id":"https:\/\/navonaed.com\/#\/schema\/logo\/image\/"},"sameAs":["https:\/\/www.facebook.com\/people\/Reemocioart\/100076073310442\/"]}]}</script>
<!-- / Yoast SEO plugin. -->

9788410180772Federico García Lorca

Catàleg
