{"id":7026,"date":"2026-08-25T08:00:21","date_gmt":"2026-08-25T06:00:21","guid":{"rendered":"https:\/\/navonaed.com\/?post_type=product&#038;p=7026"},"modified":"2026-08-25T08:00:56","modified_gmt":"2026-08-25T06:00:56","slug":"la-geometria-del-silenci","status":"publish","type":"product","link":"https:\/\/navonaed.com\/ca\/libro\/la-geometria-del-silenci\/","title":{"rendered":"La geometria del silenci"},"content":{"rendered":"<p>La geometria del silenci: Durant m\u00e9s de cent anys, a Reus, El C\u00edrcol ha estat una de les institucions m\u00e9s influents i prestigioses de Catalunya. Per\u00f2 qu\u00e8 s\u2019amaga rere les seves parets?<br \/>\nBasada en fets reals, aquesta novel\u00b7la \u00e9s un retrat vibrant de la hist\u00f2ria de la seva creaci\u00f3.<\/p>\n<p>L\u2019any 1852, un grup de filantrops va fundar una societat l\u00fadica a Reus, amb el somni i el comprom\u00eds de fer prosperar la ciutat i contribuir a enriquir-ne el teixit social a nivell cultural i socioecon\u00f2mic. Per\u00f2, rere la seva fa\u00e7ana aparentment inofensiva, una sospita envoltava aquella nova instituci\u00f3 selecta: la voluntat d\u2019instaurar valors propis de la francma\u00e7oneria i de construir un entramat d\u2019influ\u00e8ncies des d\u2019on moure els fils del poder amb discreci\u00f3.<\/p>\n<p>Entre salons il\u00b7luminats per llums de gas i balls glamurosos, Miquel Esteve retrata, amb el seu estil cur\u00f3s i viu, una estampa fidedigna del Reus de finals del segle XIX i principis del segle XX, on convergeixen hist\u00f2ria, passions i la descoberta del secret m\u00e9s ben guardat de la ciutat.<\/p>\n","protected":false},"excerpt":{"rendered":"<p>9791388211027<br \/>Miquel Esteve<\/p>\n","protected":false},"featured_media":7027,"template":"","meta":{"_acf_changed":false,"_monsterinsights_skip_tracking":false},"product_brand":[],"product_cat":[],"product_tag":[199,198,193,200],"class_list":["post-7026","product","type-product","status-publish","has-post-thumbnail","product_tag-el-circol","product_tag-miquel-esteve","product_tag-novella","product_tag-reus","first","instock","taxable","shipping-taxable","product-type-simple"],"acf":[],"yoast_head":"<!-- This site is optimized with the Yoast SEO plugin v28.1 - https:\/\/yoast.com\/product\/yoast-seo-wordpress\/ -->\n<title>La geometria del silenci - Editorial Navona<\/title>\n<meta name=\"description\" content=\"La geometria del silenci de Miquel Esteve \u00e9s una novel\u00b7la basada en fets reals. Un retrat vibrant de la hist\u00f2ria de la creaci\u00f3 d&#039;El C\u00edrcol de Reus.\" \/>\n<meta name=\"robots\" content=\"index, follow, max-snippet:-1, max-image-preview:large, max-video-preview:-1\" \/>\n<link rel=\"canonical\" href=\"https:\/\/navonaed.com\/ca\/libro\/la-geometria-del-silenci\/\" \/>\n<meta property=\"og:locale\" content=\"ca_ES\" \/>\n<meta property=\"og:type\" content=\"article\" \/>\n<meta property=\"og:title\" content=\"La geometria del silenci - Editorial Navona\" \/>\n<meta property=\"og:description\" content=\"La geometria del silenci de Miquel Esteve \u00e9s una novel\u00b7la basada en fets reals. Un retrat vibrant de la hist\u00f2ria de la creaci\u00f3 d&#039;El C\u00edrcol de Reus.\" \/>\n<meta property=\"og:url\" content=\"https:\/\/navonaed.com\/ca\/libro\/la-geometria-del-silenci\/\" \/>\n<meta property=\"og:site_name\" content=\"Editorial Navona\" \/>\n<meta property=\"article:publisher\" content=\"https:\/\/www.facebook.com\/people\/Reemocioart\/100076073310442\/\" \/>\n<meta property=\"article:modified_time\" content=\"2026-08-25T06:00:56+00:00\" \/>\n<meta property=\"og:image\" content=\"https:\/\/navonaed.com\/wp-content\/uploads\/La-geometria-del-silenci.jpg\" \/>\n\t<meta property=\"og:image:width\" content=\"1398\" \/>\n\t<meta property=\"og:image:height\" content=\"2067\" \/>\n\t<meta property=\"og:image:type\" content=\"image\/jpeg\" \/>\n<meta name=\"twitter:card\" content=\"summary_large_image\" \/>\n<meta name=\"twitter:label1\" content=\"Temps estimat de lectura\" \/>\n\t<meta name=\"twitter:data1\" content=\"1 minut\" \/>\n<script type=\"application\/ld+json\" class=\"yoast-schema-graph\">{\"@context\":\"https:\\\/\\\/schema.org\",\"@graph\":[{\"@type\":\"WebPage\",\"@id\":\"https:\\\/\\\/navonaed.com\\\/ca\\\/libro\\\/la-geometria-del-silenci\\\/\",\"url\":\"https:\\\/\\\/navonaed.com\\\/ca\\\/libro\\\/la-geometria-del-silenci\\\/\",\"name\":\"La geometria del silenci - Editorial Navona\",\"isPartOf\":{\"@id\":\"https:\\\/\\\/navonaed.com\\\/#website\"},\"primaryImageOfPage\":{\"@id\":\"https:\\\/\\\/navonaed.com\\\/ca\\\/libro\\\/la-geometria-del-silenci\\\/#primaryimage\"},\"image\":{\"@id\":\"https:\\\/\\\/navonaed.com\\\/ca\\\/libro\\\/la-geometria-del-silenci\\\/#primaryimage\"},\"thumbnailUrl\":\"https:\\\/\\\/navonaed.com\\\/wp-content\\\/uploads\\\/La-geometria-del-silenci.jpg\",\"datePublished\":\"2026-08-25T06:00:21+00:00\",\"dateModified\":\"2026-08-25T06:00:56+00:00\",\"description\":\"La geometria del silenci de Miquel Esteve \u00e9s una novel\u00b7la basada en fets reals. Un retrat vibrant de la hist\u00f2ria de la creaci\u00f3 d'El C\u00edrcol de Reus.\",\"breadcrumb\":{\"@id\":\"https:\\\/\\\/navonaed.com\\\/ca\\\/libro\\\/la-geometria-del-silenci\\\/#breadcrumb\"},\"inLanguage\":\"ca\",\"potentialAction\":[{\"@type\":\"ReadAction\",\"target\":[\"https:\\\/\\\/navonaed.com\\\/ca\\\/libro\\\/la-geometria-del-silenci\\\/\"]}]},{\"@type\":\"ImageObject\",\"inLanguage\":\"ca\",\"@id\":\"https:\\\/\\\/navonaed.com\\\/ca\\\/libro\\\/la-geometria-del-silenci\\\/#primaryimage\",\"url\":\"https:\\\/\\\/navonaed.com\\\/wp-content\\\/uploads\\\/La-geometria-del-silenci.jpg\",\"contentUrl\":\"https:\\\/\\\/navonaed.com\\\/wp-content\\\/uploads\\\/La-geometria-del-silenci.jpg\",\"width\":1398,\"height\":2067,\"caption\":\"La geometria del silenci\"},{\"@type\":\"BreadcrumbList\",\"@id\":\"https:\\\/\\\/navonaed.com\\\/ca\\\/libro\\\/la-geometria-del-silenci\\\/#breadcrumb\",\"itemListElement\":[{\"@type\":\"ListItem\",\"position\":1,\"name\":\"Portada\",\"item\":\"https:\\\/\\\/navonaed.com\\\/ca\\\/\"},{\"@type\":\"ListItem\",\"position\":2,\"name\":\"Cat\u00e0leg\",\"item\":\"https:\\\/\\\/navonaed.com\\\/ca\\\/cataleg\\\/\"},{\"@type\":\"ListItem\",\"position\":3,\"name\":\"La geometria del silenci\"}]},{\"@type\":\"WebSite\",\"@id\":\"https:\\\/\\\/navonaed.com\\\/#website\",\"url\":\"https:\\\/\\\/navonaed.com\\\/\",\"name\":\"Editorial Navona\",\"description\":\"Nos gustan los libros\",\"publisher\":{\"@id\":\"https:\\\/\\\/navonaed.com\\\/#organization\"},\"potentialAction\":[{\"@type\":\"SearchAction\",\"target\":{\"@type\":\"EntryPoint\",\"urlTemplate\":\"https:\\\/\\\/navonaed.com\\\/?s={search_term_string}\"},\"query-input\":{\"@type\":\"PropertyValueSpecification\",\"valueRequired\":true,\"valueName\":\"search_term_string\"}}],\"inLanguage\":\"ca\"},{\"@type\":\"Organization\",\"@id\":\"https:\\\/\\\/navonaed.com\\\/#organization\",\"name\":\"Editorial Navona\",\"url\":\"https:\\\/\\\/navonaed.com\\\/\",\"logo\":{\"@type\":\"ImageObject\",\"inLanguage\":\"ca\",\"@id\":\"https:\\\/\\\/navonaed.com\\\/#\\\/schema\\\/logo\\\/image\\\/\",\"url\":\"https:\\\/\\\/navonaed.com\\\/wp-content\\\/uploads\\\/logo-navona.svg\",\"contentUrl\":\"https:\\\/\\\/navonaed.com\\\/wp-content\\\/uploads\\\/logo-navona.svg\",\"width\":155,\"height\":32,\"caption\":\"Editorial Navona\"},\"image\":{\"@id\":\"https:\\\/\\\/navonaed.com\\\/#\\\/schema\\\/logo\\\/image\\\/\"},\"sameAs\":[\"https:\\\/\\\/www.facebook.com\\\/people\\\/Reemocioart\\\/100076073310442\\\/\"]}]}<\/script>\n<!-- \/ Yoast SEO plugin. -->","yoast_head_json":{"title":"La geometria del silenci - Editorial Navona","description":"La geometria del silenci de Miquel Esteve \u00e9s una novel\u00b7la basada en fets reals. Un retrat vibrant de la hist\u00f2ria de la creaci\u00f3 d'El C\u00edrcol de Reus.","robots":{"index":"index","follow":"follow","max-snippet":"max-snippet:-1","max-image-preview":"max-image-preview:large","max-video-preview":"max-video-preview:-1"},"canonical":"https:\/\/navonaed.com\/ca\/libro\/la-geometria-del-silenci\/","og_locale":"ca_ES","og_type":"article","og_title":"La geometria del silenci - Editorial Navona","og_description":"La geometria del silenci de Miquel Esteve \u00e9s una novel\u00b7la basada en fets reals. Un retrat vibrant de la hist\u00f2ria de la creaci\u00f3 d'El C\u00edrcol de Reus.","og_url":"https:\/\/navonaed.com\/ca\/libro\/la-geometria-del-silenci\/","og_site_name":"Editorial Navona","article_publisher":"https:\/\/www.facebook.com\/people\/Reemocioart\/100076073310442\/","article_modified_time":"2026-08-25T06:00:56+00:00","og_image":[{"width":1398,"height":2067,"url":"https:\/\/navonaed.com\/wp-content\/uploads\/La-geometria-del-silenci.jpg","type":"image\/jpeg"}],"twitter_card":"summary_large_image","twitter_misc":{"Temps estimat de lectura":"1 minut"},"schema":{"@context":"https:\/\/schema.org","@graph":[{"@type":"WebPage","@id":"https:\/\/navonaed.com\/ca\/libro\/la-geometria-del-silenci\/","url":"https:\/\/navonaed.com\/ca\/libro\/la-geometria-del-silenci\/","name":"La geometria del silenci - Editorial Navona","isPartOf":{"@id":"https:\/\/navonaed.com\/#website"},"primaryImageOfPage":{"@id":"https:\/\/navonaed.com\/ca\/libro\/la-geometria-del-silenci\/#primaryimage"},"image":{"@id":"https:\/\/navonaed.com\/ca\/libro\/la-geometria-del-silenci\/#primaryimage"},"thumbnailUrl":"https:\/\/navonaed.com\/wp-content\/uploads\/La-geometria-del-silenci.jpg","datePublished":"2026-08-25T06:00:21+00:00","dateModified":"2026-08-25T06:00:56+00:00","description":"La geometria del silenci de Miquel Esteve \u00e9s una novel\u00b7la basada en fets reals. Un retrat vibrant de la hist\u00f2ria de la creaci\u00f3 d'El C\u00edrcol de Reus.","breadcrumb":{"@id":"https:\/\/navonaed.com\/ca\/libro\/la-geometria-del-silenci\/#breadcrumb"},"inLanguage":"ca","potentialAction":[{"@type":"ReadAction","target":["https:\/\/navonaed.com\/ca\/libro\/la-geometria-del-silenci\/"]}]},{"@type":"ImageObject","inLanguage":"ca","@id":"https:\/\/navonaed.com\/ca\/libro\/la-geometria-del-silenci\/#primaryimage","url":"https:\/\/navonaed.com\/wp-content\/uploads\/La-geometria-del-silenci.jpg","contentUrl":"https:\/\/navonaed.com\/wp-content\/uploads\/La-geometria-del-silenci.jpg","width":1398,"height":2067,"caption":"La geometria del silenci"},{"@type":"BreadcrumbList","@id":"https:\/\/navonaed.com\/ca\/libro\/la-geometria-del-silenci\/#breadcrumb","itemListElement":[{"@type":"ListItem","position":1,"name":"Portada","item":"https:\/\/navonaed.com\/ca\/"},{"@type":"ListItem","position":2,"name":"Cat\u00e0leg","item":"https:\/\/navonaed.com\/ca\/cataleg\/"},{"@type":"ListItem","position":3,"name":"La geometria del silenci"}]},{"@type":"WebSite","@id":"https:\/\/navonaed.com\/#website","url":"https:\/\/navonaed.com\/","name":"Editorial Navona","description":"Nos gustan los libros","publisher":{"@id":"https:\/\/navonaed.com\/#organization"},"potentialAction":[{"@type":"SearchAction","target":{"@type":"EntryPoint","urlTemplate":"https:\/\/navonaed.com\/?s={search_term_string}"},"query-input":{"@type":"PropertyValueSpecification","valueRequired":true,"valueName":"search_term_string"}}],"inLanguage":"ca"},{"@type":"Organization","@id":"https:\/\/navonaed.com\/#organization","name":"Editorial Navona","url":"https:\/\/navonaed.com\/","logo":{"@type":"ImageObject","inLanguage":"ca","@id":"https:\/\/navonaed.com\/#\/schema\/logo\/image\/","url":"https:\/\/navonaed.com\/wp-content\/uploads\/logo-navona.svg","contentUrl":"https:\/\/navonaed.com\/wp-content\/uploads\/logo-navona.svg","width":155,"height":32,"caption":"Editorial Navona"},"image":{"@id":"https:\/\/navonaed.com\/#\/schema\/logo\/image\/"},"sameAs":["https:\/\/www.facebook.com\/people\/Reemocioart\/100076073310442\/"]}]}},"_links":{"self":[{"href":"https:\/\/navonaed.com\/ca\/wp-json\/wp\/v2\/product\/7026","targetHints":{"allow":["GET"]}}],"collection":[{"href":"https:\/\/navonaed.com\/ca\/wp-json\/wp\/v2\/product"}],"about":[{"href":"https:\/\/navonaed.com\/ca\/wp-json\/wp\/v2\/types\/product"}],"wp:featuredmedia":[{"embeddable":true,"href":"https:\/\/navonaed.com\/ca\/wp-json\/wp\/v2\/media\/7027"}],"wp:attachment":[{"href":"https:\/\/navonaed.com\/ca\/wp-json\/wp\/v2\/media?parent=7026"}],"wp:term":[{"taxonomy":"product_brand","embeddable":true,"href":"https:\/\/navonaed.com\/ca\/wp-json\/wp\/v2\/product_brand?post=7026"},{"taxonomy":"product_cat","embeddable":true,"href":"https:\/\/navonaed.com\/ca\/wp-json\/wp\/v2\/product_cat?post=7026"},{"taxonomy":"product_tag","embeddable":true,"href":"https:\/\/navonaed.com\/ca\/wp-json\/wp\/v2\/product_tag?post=7026"}],"curies":[{"name":"wp","href":"https:\/\/api.w.org\/{rel}","templated":true}]}}

<p>La geometria del silenci: Durant més de cent anys, a Reus, El Círcol ha estat una de les institucions més influents i prestigioses de Catalunya. Però què s’amaga rere les seves parets?<br />
Basada en fets reals, aquesta novel·la és un retrat vibrant de la història de la seva creació.</p>
<p>L’any 1852, un grup de filantrops va fundar una societat lúdica a Reus, amb el somni i el compromís de fer prosperar la ciutat i contribuir a enriquir-ne el teixit social a nivell cultural i socioeconòmic. Però, rere la seva façana aparentment inofensiva, una sospita envoltava aquella nova institució selecta: la voluntat d’instaurar valors propis de la francmaçoneria i de construir un entramat d’influències des d’on moure els fils del poder amb discreció.</p>
<p>Entre salons il·luminats per llums de gas i balls glamurosos, Miquel Esteve retrata, amb el seu estil curós i viu, una estampa fidedigna del Reus de finals del segle XIX i principis del segle XX, on convergeixen història, passions i la descoberta del secret més ben guardat de la ciutat.</p>

<!-- This site is optimized with the Yoast SEO plugin v28.1 - https://yoast.com/product/yoast-seo-wordpress/ -->
<title>La geometria del silenci - Editorial Navona</title>
<meta name="description" content="La geometria del silenci de Miquel Esteve és una novel·la basada en fets reals. Un retrat vibrant de la història de la creació d&#039;El Círcol de Reus." />
<meta name="robots" content="index, follow, max-snippet:-1, max-image-preview:large, max-video-preview:-1" />
<link rel="canonical" href="https://navonaed.com/ca/libro/la-geometria-del-silenci/" />
<meta property="og:locale" content="ca_ES" />
<meta property="og:type" content="article" />
<meta property="og:title" content="La geometria del silenci - Editorial Navona" />
<meta property="og:description" content="La geometria del silenci de Miquel Esteve és una novel·la basada en fets reals. Un retrat vibrant de la història de la creació d&#039;El Círcol de Reus." />
<meta property="og:url" content="https://navonaed.com/ca/libro/la-geometria-del-silenci/" />
<meta property="og:site_name" content="Editorial Navona" />
<meta property="article:publisher" content="https://www.facebook.com/people/Reemocioart/100076073310442/" />
<meta property="article:modified_time" content="2026-08-25T06:00:56+00:00" />
<meta property="og:image" content="https://navonaed.com/wp-content/uploads/La-geometria-del-silenci.jpg" />
	<meta property="og:image:width" content="1398" />
	<meta property="og:image:height" content="2067" />
	<meta property="og:image:type" content="image/jpeg" />
<meta name="twitter:card" content="summary_large_image" />
<meta name="twitter:label1" content="Temps estimat de lectura" />
	<meta name="twitter:data1" content="1 minut" />
<script type="application/ld+json" class="yoast-schema-graph">{"@context":"https:\/\/schema.org","@graph":[{"@type":"WebPage","@id":"https:\/\/navonaed.com\/ca\/libro\/la-geometria-del-silenci\/","url":"https:\/\/navonaed.com\/ca\/libro\/la-geometria-del-silenci\/","name":"La geometria del silenci - Editorial Navona","isPartOf":{"@id":"https:\/\/navonaed.com\/#website"},"primaryImageOfPage":{"@id":"https:\/\/navonaed.com\/ca\/libro\/la-geometria-del-silenci\/#primaryimage"},"image":{"@id":"https:\/\/navonaed.com\/ca\/libro\/la-geometria-del-silenci\/#primaryimage"},"thumbnailUrl":"https:\/\/navonaed.com\/wp-content\/uploads\/La-geometria-del-silenci.jpg","datePublished":"2026-08-25T06:00:21+00:00","dateModified":"2026-08-25T06:00:56+00:00","description":"La geometria del silenci de Miquel Esteve és una novel·la basada en fets reals. Un retrat vibrant de la història de la creació d'El Círcol de Reus.","breadcrumb":{"@id":"https:\/\/navonaed.com\/ca\/libro\/la-geometria-del-silenci\/#breadcrumb"},"inLanguage":"ca","potentialAction":[{"@type":"ReadAction","target":["https:\/\/navonaed.com\/ca\/libro\/la-geometria-del-silenci\/"]}]},{"@type":"ImageObject","inLanguage":"ca","@id":"https:\/\/navonaed.com\/ca\/libro\/la-geometria-del-silenci\/#primaryimage","url":"https:\/\/navonaed.com\/wp-content\/uploads\/La-geometria-del-silenci.jpg","contentUrl":"https:\/\/navonaed.com\/wp-content\/uploads\/La-geometria-del-silenci.jpg","width":1398,"height":2067,"caption":"La geometria del silenci"},{"@type":"BreadcrumbList","@id":"https:\/\/navonaed.com\/ca\/libro\/la-geometria-del-silenci\/#breadcrumb","itemListElement":[{"@type":"ListItem","position":1,"name":"Portada","item":"https:\/\/navonaed.com\/ca\/"},{"@type":"ListItem","position":2,"name":"Catàleg","item":"https:\/\/navonaed.com\/ca\/cataleg\/"},{"@type":"ListItem","position":3,"name":"La geometria del silenci"}]},{"@type":"WebSite","@id":"https:\/\/navonaed.com\/#website","url":"https:\/\/navonaed.com\/","name":"Editorial Navona","description":"Nos gustan los libros","publisher":{"@id":"https:\/\/navonaed.com\/#organization"},"potentialAction":[{"@type":"SearchAction","target":{"@type":"EntryPoint","urlTemplate":"https:\/\/navonaed.com\/?s={search_term_string}"},"query-input":{"@type":"PropertyValueSpecification","valueRequired":true,"valueName":"search_term_string"}}],"inLanguage":"ca"},{"@type":"Organization","@id":"https:\/\/navonaed.com\/#organization","name":"Editorial Navona","url":"https:\/\/navonaed.com\/","logo":{"@type":"ImageObject","inLanguage":"ca","@id":"https:\/\/navonaed.com\/#\/schema\/logo\/image\/","url":"https:\/\/navonaed.com\/wp-content\/uploads\/logo-navona.svg","contentUrl":"https:\/\/navonaed.com\/wp-content\/uploads\/logo-navona.svg","width":155,"height":32,"caption":"Editorial Navona"},"image":{"@id":"https:\/\/navonaed.com\/#\/schema\/logo\/image\/"},"sameAs":["https:\/\/www.facebook.com\/people\/Reemocioart\/100076073310442\/"]}]}</script>
<!-- / Yoast SEO plugin. -->

La geometria del silenci de Miquel Esteve és una novel·la basada en fets reals. Un retrat vibrant de la història de la creació d'El Círcol de Reus.

Catàleg
