{"id":7043,"date":"2026-09-01T08:00:33","date_gmt":"2026-09-01T06:00:33","guid":{"rendered":"https:\/\/navonaed.com\/?post_type=product&#038;p=7043"},"modified":"2026-09-01T08:00:57","modified_gmt":"2026-09-01T06:00:57","slug":"els-meus-dies-a-la-pensio-wakeatte","status":"publish","type":"product","link":"https:\/\/navonaed.com\/ca\/libro\/els-meus-dies-a-la-pensio-wakeatte\/","title":{"rendered":"Els meus dies a la pensi\u00f3 Wakeatte"},"content":{"rendered":"<p>Els meus dies a la pensi\u00f3 Wakeatte, el retorn de Satoshi Yagisawa, on l\u2019autor d\u2019<em>Els meus dies a la llibreria Morisaki<\/em> ens convida a una caseta pintoresca on nom\u00e9s arriben aquells que m\u00e9s ho necessiten.<\/p>\n<p>Perduda entre les muntanyes de Nasu, al Jap\u00f3, hi ha una petita pensi\u00f3 allunyada del soroll del m\u00f3n. Hi van a parar aquells qui, d\u2019alguna manera, hi estan destinats.<\/p>\n<p>Els seus hostes arrosseguen ferides obertes, decisions dif\u00edcils o vides que han perdut el rumb. Acollits pels propietaris d\u2019aquesta fonda, una parella tan peculiar com entranyable, comparteixen \u00e0pats casolans, llargues converses i la calma que es respira entre la natura exuberant. Sense adonar-se\u2019n, aquell refugi acaba transformant-los per complet.<\/p>\n<p>Amb la calidesa i la gr\u00e0cia que han convertit Satoshi Yagisawa en una de les veus m\u00e9s estimades de la literatura japonesa contempor\u00e0nia, <em>Els meus dies a la pensi\u00f3 Wakeatte<\/em> ens recorda que, de vegades, n\u2019hi ha prou amb trobar un lloc on sentir-se acollit per comen\u00e7ar de nou.<\/p>\n","protected":false},"excerpt":{"rendered":"<p>9788410180932<br \/>Satoshi Yagisawa<\/p>\n","protected":false},"featured_media":7044,"template":"","meta":{"_acf_changed":false,"_monsterinsights_skip_tracking":false},"product_brand":[],"product_cat":[],"product_tag":[192,193,203],"class_list":["post-7043","product","type-product","status-publish","has-post-thumbnail","product_tag-ficcio","product_tag-novella","product_tag-satoshi-yaginawa","first","instock","taxable","shipping-taxable","product-type-simple"],"acf":[],"yoast_head":"<!-- This site is optimized with the Yoast SEO plugin v28.1 - https:\/\/yoast.com\/product\/yoast-seo-wordpress\/ -->\n<title>Els meus dies a la pensi\u00f3 Wakeatte - Editorial Navona<\/title>\n<meta name=\"description\" content=\"Els meus dies a la pensi\u00f3 Wakeatte de Satoshi Yagisawa ens recorda que de vegades, n\u2019hi ha prou amb trobar un lloc on sentir-se acollit per comen\u00e7ar de nou.\" \/>\n<meta name=\"robots\" content=\"index, follow, max-snippet:-1, max-image-preview:large, max-video-preview:-1\" \/>\n<link rel=\"canonical\" href=\"https:\/\/navonaed.com\/ca\/libro\/els-meus-dies-a-la-pensio-wakeatte\/\" \/>\n<meta property=\"og:locale\" content=\"ca_ES\" \/>\n<meta property=\"og:type\" content=\"article\" \/>\n<meta property=\"og:title\" content=\"Els meus dies a la pensi\u00f3 Wakeatte - Editorial Navona\" \/>\n<meta property=\"og:description\" content=\"Els meus dies a la pensi\u00f3 Wakeatte de Satoshi Yagisawa ens recorda que de vegades, n\u2019hi ha prou amb trobar un lloc on sentir-se acollit per comen\u00e7ar de nou.\" \/>\n<meta property=\"og:url\" content=\"https:\/\/navonaed.com\/ca\/libro\/els-meus-dies-a-la-pensio-wakeatte\/\" \/>\n<meta property=\"og:site_name\" content=\"Editorial Navona\" \/>\n<meta property=\"article:publisher\" content=\"https:\/\/www.facebook.com\/people\/Reemocioart\/100076073310442\/\" \/>\n<meta property=\"article:modified_time\" content=\"2026-09-01T06:00:57+00:00\" \/>\n<meta property=\"og:image\" content=\"https:\/\/navonaed.com\/wp-content\/uploads\/Els-meus-dies-a-la-pensio-W.jpg\" \/>\n\t<meta property=\"og:image:width\" content=\"1677\" \/>\n\t<meta property=\"og:image:height\" content=\"2480\" \/>\n\t<meta property=\"og:image:type\" content=\"image\/jpeg\" \/>\n<meta name=\"twitter:card\" content=\"summary_large_image\" \/>\n<meta name=\"twitter:label1\" content=\"Temps estimat de lectura\" \/>\n\t<meta name=\"twitter:data1\" content=\"1 minut\" \/>\n<script type=\"application\/ld+json\" class=\"yoast-schema-graph\">{\"@context\":\"https:\\\/\\\/schema.org\",\"@graph\":[{\"@type\":\"WebPage\",\"@id\":\"https:\\\/\\\/navonaed.com\\\/ca\\\/libro\\\/els-meus-dies-a-la-pensio-wakeatte\\\/\",\"url\":\"https:\\\/\\\/navonaed.com\\\/ca\\\/libro\\\/els-meus-dies-a-la-pensio-wakeatte\\\/\",\"name\":\"Els meus dies a la pensi\u00f3 Wakeatte - Editorial Navona\",\"isPartOf\":{\"@id\":\"https:\\\/\\\/navonaed.com\\\/#website\"},\"primaryImageOfPage\":{\"@id\":\"https:\\\/\\\/navonaed.com\\\/ca\\\/libro\\\/els-meus-dies-a-la-pensio-wakeatte\\\/#primaryimage\"},\"image\":{\"@id\":\"https:\\\/\\\/navonaed.com\\\/ca\\\/libro\\\/els-meus-dies-a-la-pensio-wakeatte\\\/#primaryimage\"},\"thumbnailUrl\":\"https:\\\/\\\/navonaed.com\\\/wp-content\\\/uploads\\\/Els-meus-dies-a-la-pensio-W.jpg\",\"datePublished\":\"2026-09-01T06:00:33+00:00\",\"dateModified\":\"2026-09-01T06:00:57+00:00\",\"description\":\"Els meus dies a la pensi\u00f3 Wakeatte de Satoshi Yagisawa ens recorda que de vegades, n\u2019hi ha prou amb trobar un lloc on sentir-se acollit per comen\u00e7ar de nou.\",\"breadcrumb\":{\"@id\":\"https:\\\/\\\/navonaed.com\\\/ca\\\/libro\\\/els-meus-dies-a-la-pensio-wakeatte\\\/#breadcrumb\"},\"inLanguage\":\"ca\",\"potentialAction\":[{\"@type\":\"ReadAction\",\"target\":[\"https:\\\/\\\/navonaed.com\\\/ca\\\/libro\\\/els-meus-dies-a-la-pensio-wakeatte\\\/\"]}]},{\"@type\":\"ImageObject\",\"inLanguage\":\"ca\",\"@id\":\"https:\\\/\\\/navonaed.com\\\/ca\\\/libro\\\/els-meus-dies-a-la-pensio-wakeatte\\\/#primaryimage\",\"url\":\"https:\\\/\\\/navonaed.com\\\/wp-content\\\/uploads\\\/Els-meus-dies-a-la-pensio-W.jpg\",\"contentUrl\":\"https:\\\/\\\/navonaed.com\\\/wp-content\\\/uploads\\\/Els-meus-dies-a-la-pensio-W.jpg\",\"width\":1677,\"height\":2480,\"caption\":\"Els meus dies a la pensi\u00f3 Wakeatte\"},{\"@type\":\"BreadcrumbList\",\"@id\":\"https:\\\/\\\/navonaed.com\\\/ca\\\/libro\\\/els-meus-dies-a-la-pensio-wakeatte\\\/#breadcrumb\",\"itemListElement\":[{\"@type\":\"ListItem\",\"position\":1,\"name\":\"Portada\",\"item\":\"https:\\\/\\\/navonaed.com\\\/ca\\\/\"},{\"@type\":\"ListItem\",\"position\":2,\"name\":\"Cat\u00e0leg\",\"item\":\"https:\\\/\\\/navonaed.com\\\/ca\\\/cataleg\\\/\"},{\"@type\":\"ListItem\",\"position\":3,\"name\":\"Els meus dies a la pensi\u00f3 Wakeatte\"}]},{\"@type\":\"WebSite\",\"@id\":\"https:\\\/\\\/navonaed.com\\\/#website\",\"url\":\"https:\\\/\\\/navonaed.com\\\/\",\"name\":\"Editorial Navona\",\"description\":\"Nos gustan los libros\",\"publisher\":{\"@id\":\"https:\\\/\\\/navonaed.com\\\/#organization\"},\"potentialAction\":[{\"@type\":\"SearchAction\",\"target\":{\"@type\":\"EntryPoint\",\"urlTemplate\":\"https:\\\/\\\/navonaed.com\\\/?s={search_term_string}\"},\"query-input\":{\"@type\":\"PropertyValueSpecification\",\"valueRequired\":true,\"valueName\":\"search_term_string\"}}],\"inLanguage\":\"ca\"},{\"@type\":\"Organization\",\"@id\":\"https:\\\/\\\/navonaed.com\\\/#organization\",\"name\":\"Editorial Navona\",\"url\":\"https:\\\/\\\/navonaed.com\\\/\",\"logo\":{\"@type\":\"ImageObject\",\"inLanguage\":\"ca\",\"@id\":\"https:\\\/\\\/navonaed.com\\\/#\\\/schema\\\/logo\\\/image\\\/\",\"url\":\"https:\\\/\\\/navonaed.com\\\/wp-content\\\/uploads\\\/logo-navona.svg\",\"contentUrl\":\"https:\\\/\\\/navonaed.com\\\/wp-content\\\/uploads\\\/logo-navona.svg\",\"width\":155,\"height\":32,\"caption\":\"Editorial Navona\"},\"image\":{\"@id\":\"https:\\\/\\\/navonaed.com\\\/#\\\/schema\\\/logo\\\/image\\\/\"},\"sameAs\":[\"https:\\\/\\\/www.facebook.com\\\/people\\\/Reemocioart\\\/100076073310442\\\/\"]}]}<\/script>\n<!-- \/ Yoast SEO plugin. -->","yoast_head_json":{"title":"Els meus dies a la pensi\u00f3 Wakeatte - Editorial Navona","description":"Els meus dies a la pensi\u00f3 Wakeatte de Satoshi Yagisawa ens recorda que de vegades, n\u2019hi ha prou amb trobar un lloc on sentir-se acollit per comen\u00e7ar de nou.","robots":{"index":"index","follow":"follow","max-snippet":"max-snippet:-1","max-image-preview":"max-image-preview:large","max-video-preview":"max-video-preview:-1"},"canonical":"https:\/\/navonaed.com\/ca\/libro\/els-meus-dies-a-la-pensio-wakeatte\/","og_locale":"ca_ES","og_type":"article","og_title":"Els meus dies a la pensi\u00f3 Wakeatte - Editorial Navona","og_description":"Els meus dies a la pensi\u00f3 Wakeatte de Satoshi Yagisawa ens recorda que de vegades, n\u2019hi ha prou amb trobar un lloc on sentir-se acollit per comen\u00e7ar de nou.","og_url":"https:\/\/navonaed.com\/ca\/libro\/els-meus-dies-a-la-pensio-wakeatte\/","og_site_name":"Editorial Navona","article_publisher":"https:\/\/www.facebook.com\/people\/Reemocioart\/100076073310442\/","article_modified_time":"2026-09-01T06:00:57+00:00","og_image":[{"width":1677,"height":2480,"url":"https:\/\/navonaed.com\/wp-content\/uploads\/Els-meus-dies-a-la-pensio-W.jpg","type":"image\/jpeg"}],"twitter_card":"summary_large_image","twitter_misc":{"Temps estimat de lectura":"1 minut"},"schema":{"@context":"https:\/\/schema.org","@graph":[{"@type":"WebPage","@id":"https:\/\/navonaed.com\/ca\/libro\/els-meus-dies-a-la-pensio-wakeatte\/","url":"https:\/\/navonaed.com\/ca\/libro\/els-meus-dies-a-la-pensio-wakeatte\/","name":"Els meus dies a la pensi\u00f3 Wakeatte - Editorial Navona","isPartOf":{"@id":"https:\/\/navonaed.com\/#website"},"primaryImageOfPage":{"@id":"https:\/\/navonaed.com\/ca\/libro\/els-meus-dies-a-la-pensio-wakeatte\/#primaryimage"},"image":{"@id":"https:\/\/navonaed.com\/ca\/libro\/els-meus-dies-a-la-pensio-wakeatte\/#primaryimage"},"thumbnailUrl":"https:\/\/navonaed.com\/wp-content\/uploads\/Els-meus-dies-a-la-pensio-W.jpg","datePublished":"2026-09-01T06:00:33+00:00","dateModified":"2026-09-01T06:00:57+00:00","description":"Els meus dies a la pensi\u00f3 Wakeatte de Satoshi Yagisawa ens recorda que de vegades, n\u2019hi ha prou amb trobar un lloc on sentir-se acollit per comen\u00e7ar de nou.","breadcrumb":{"@id":"https:\/\/navonaed.com\/ca\/libro\/els-meus-dies-a-la-pensio-wakeatte\/#breadcrumb"},"inLanguage":"ca","potentialAction":[{"@type":"ReadAction","target":["https:\/\/navonaed.com\/ca\/libro\/els-meus-dies-a-la-pensio-wakeatte\/"]}]},{"@type":"ImageObject","inLanguage":"ca","@id":"https:\/\/navonaed.com\/ca\/libro\/els-meus-dies-a-la-pensio-wakeatte\/#primaryimage","url":"https:\/\/navonaed.com\/wp-content\/uploads\/Els-meus-dies-a-la-pensio-W.jpg","contentUrl":"https:\/\/navonaed.com\/wp-content\/uploads\/Els-meus-dies-a-la-pensio-W.jpg","width":1677,"height":2480,"caption":"Els meus dies a la pensi\u00f3 Wakeatte"},{"@type":"BreadcrumbList","@id":"https:\/\/navonaed.com\/ca\/libro\/els-meus-dies-a-la-pensio-wakeatte\/#breadcrumb","itemListElement":[{"@type":"ListItem","position":1,"name":"Portada","item":"https:\/\/navonaed.com\/ca\/"},{"@type":"ListItem","position":2,"name":"Cat\u00e0leg","item":"https:\/\/navonaed.com\/ca\/cataleg\/"},{"@type":"ListItem","position":3,"name":"Els meus dies a la pensi\u00f3 Wakeatte"}]},{"@type":"WebSite","@id":"https:\/\/navonaed.com\/#website","url":"https:\/\/navonaed.com\/","name":"Editorial Navona","description":"Nos gustan los libros","publisher":{"@id":"https:\/\/navonaed.com\/#organization"},"potentialAction":[{"@type":"SearchAction","target":{"@type":"EntryPoint","urlTemplate":"https:\/\/navonaed.com\/?s={search_term_string}"},"query-input":{"@type":"PropertyValueSpecification","valueRequired":true,"valueName":"search_term_string"}}],"inLanguage":"ca"},{"@type":"Organization","@id":"https:\/\/navonaed.com\/#organization","name":"Editorial Navona","url":"https:\/\/navonaed.com\/","logo":{"@type":"ImageObject","inLanguage":"ca","@id":"https:\/\/navonaed.com\/#\/schema\/logo\/image\/","url":"https:\/\/navonaed.com\/wp-content\/uploads\/logo-navona.svg","contentUrl":"https:\/\/navonaed.com\/wp-content\/uploads\/logo-navona.svg","width":155,"height":32,"caption":"Editorial Navona"},"image":{"@id":"https:\/\/navonaed.com\/#\/schema\/logo\/image\/"},"sameAs":["https:\/\/www.facebook.com\/people\/Reemocioart\/100076073310442\/"]}]}},"_links":{"self":[{"href":"https:\/\/navonaed.com\/ca\/wp-json\/wp\/v2\/product\/7043","targetHints":{"allow":["GET"]}}],"collection":[{"href":"https:\/\/navonaed.com\/ca\/wp-json\/wp\/v2\/product"}],"about":[{"href":"https:\/\/navonaed.com\/ca\/wp-json\/wp\/v2\/types\/product"}],"wp:featuredmedia":[{"embeddable":true,"href":"https:\/\/navonaed.com\/ca\/wp-json\/wp\/v2\/media\/7044"}],"wp:attachment":[{"href":"https:\/\/navonaed.com\/ca\/wp-json\/wp\/v2\/media?parent=7043"}],"wp:term":[{"taxonomy":"product_brand","embeddable":true,"href":"https:\/\/navonaed.com\/ca\/wp-json\/wp\/v2\/product_brand?post=7043"},{"taxonomy":"product_cat","embeddable":true,"href":"https:\/\/navonaed.com\/ca\/wp-json\/wp\/v2\/product_cat?post=7043"},{"taxonomy":"product_tag","embeddable":true,"href":"https:\/\/navonaed.com\/ca\/wp-json\/wp\/v2\/product_tag?post=7043"}],"curies":[{"name":"wp","href":"https:\/\/api.w.org\/{rel}","templated":true}]}}

Els meus dies a la pensió Wakeatte

<p>Els meus dies a la pensió Wakeatte, el retorn de Satoshi Yagisawa, on l’autor d’<em>Els meus dies a la llibreria Morisaki</em> ens convida a una caseta pintoresca on només arriben aquells que més ho necessiten.</p>
<p>Perduda entre les muntanyes de Nasu, al Japó, hi ha una petita pensió allunyada del soroll del món. Hi van a parar aquells qui, d’alguna manera, hi estan destinats.</p>
<p>Els seus hostes arrosseguen ferides obertes, decisions difícils o vides que han perdut el rumb. Acollits pels propietaris d’aquesta fonda, una parella tan peculiar com entranyable, comparteixen àpats casolans, llargues converses i la calma que es respira entre la natura exuberant. Sense adonar-se’n, aquell refugi acaba transformant-los per complet.</p>
<p>Amb la calidesa i la gràcia que han convertit Satoshi Yagisawa en una de les veus més estimades de la literatura japonesa contemporània, <em>Els meus dies a la pensió Wakeatte</em> ens recorda que, de vegades, n’hi ha prou amb trobar un lloc on sentir-se acollit per començar de nou.</p>

<!-- This site is optimized with the Yoast SEO plugin v28.1 - https://yoast.com/product/yoast-seo-wordpress/ -->
<title>Els meus dies a la pensió Wakeatte - Editorial Navona</title>
<meta name="description" content="Els meus dies a la pensió Wakeatte de Satoshi Yagisawa ens recorda que de vegades, n’hi ha prou amb trobar un lloc on sentir-se acollit per començar de nou." />
<meta name="robots" content="index, follow, max-snippet:-1, max-image-preview:large, max-video-preview:-1" />
<link rel="canonical" href="https://navonaed.com/ca/libro/els-meus-dies-a-la-pensio-wakeatte/" />
<meta property="og:locale" content="ca_ES" />
<meta property="og:type" content="article" />
<meta property="og:title" content="Els meus dies a la pensió Wakeatte - Editorial Navona" />
<meta property="og:description" content="Els meus dies a la pensió Wakeatte de Satoshi Yagisawa ens recorda que de vegades, n’hi ha prou amb trobar un lloc on sentir-se acollit per començar de nou." />
<meta property="og:url" content="https://navonaed.com/ca/libro/els-meus-dies-a-la-pensio-wakeatte/" />
<meta property="og:site_name" content="Editorial Navona" />
<meta property="article:publisher" content="https://www.facebook.com/people/Reemocioart/100076073310442/" />
<meta property="article:modified_time" content="2026-09-01T06:00:57+00:00" />
<meta property="og:image" content="https://navonaed.com/wp-content/uploads/Els-meus-dies-a-la-pensio-W.jpg" />
	<meta property="og:image:width" content="1677" />
	<meta property="og:image:height" content="2480" />
	<meta property="og:image:type" content="image/jpeg" />
<meta name="twitter:card" content="summary_large_image" />
<meta name="twitter:label1" content="Temps estimat de lectura" />
	<meta name="twitter:data1" content="1 minut" />
<script type="application/ld+json" class="yoast-schema-graph">{"@context":"https:\/\/schema.org","@graph":[{"@type":"WebPage","@id":"https:\/\/navonaed.com\/ca\/libro\/els-meus-dies-a-la-pensio-wakeatte\/","url":"https:\/\/navonaed.com\/ca\/libro\/els-meus-dies-a-la-pensio-wakeatte\/","name":"Els meus dies a la pensió Wakeatte - Editorial Navona","isPartOf":{"@id":"https:\/\/navonaed.com\/#website"},"primaryImageOfPage":{"@id":"https:\/\/navonaed.com\/ca\/libro\/els-meus-dies-a-la-pensio-wakeatte\/#primaryimage"},"image":{"@id":"https:\/\/navonaed.com\/ca\/libro\/els-meus-dies-a-la-pensio-wakeatte\/#primaryimage"},"thumbnailUrl":"https:\/\/navonaed.com\/wp-content\/uploads\/Els-meus-dies-a-la-pensio-W.jpg","datePublished":"2026-09-01T06:00:33+00:00","dateModified":"2026-09-01T06:00:57+00:00","description":"Els meus dies a la pensió Wakeatte de Satoshi Yagisawa ens recorda que de vegades, n’hi ha prou amb trobar un lloc on sentir-se acollit per començar de nou.","breadcrumb":{"@id":"https:\/\/navonaed.com\/ca\/libro\/els-meus-dies-a-la-pensio-wakeatte\/#breadcrumb"},"inLanguage":"ca","potentialAction":[{"@type":"ReadAction","target":["https:\/\/navonaed.com\/ca\/libro\/els-meus-dies-a-la-pensio-wakeatte\/"]}]},{"@type":"ImageObject","inLanguage":"ca","@id":"https:\/\/navonaed.com\/ca\/libro\/els-meus-dies-a-la-pensio-wakeatte\/#primaryimage","url":"https:\/\/navonaed.com\/wp-content\/uploads\/Els-meus-dies-a-la-pensio-W.jpg","contentUrl":"https:\/\/navonaed.com\/wp-content\/uploads\/Els-meus-dies-a-la-pensio-W.jpg","width":1677,"height":2480,"caption":"Els meus dies a la pensió Wakeatte"},{"@type":"BreadcrumbList","@id":"https:\/\/navonaed.com\/ca\/libro\/els-meus-dies-a-la-pensio-wakeatte\/#breadcrumb","itemListElement":[{"@type":"ListItem","position":1,"name":"Portada","item":"https:\/\/navonaed.com\/ca\/"},{"@type":"ListItem","position":2,"name":"Catàleg","item":"https:\/\/navonaed.com\/ca\/cataleg\/"},{"@type":"ListItem","position":3,"name":"Els meus dies a la pensió Wakeatte"}]},{"@type":"WebSite","@id":"https:\/\/navonaed.com\/#website","url":"https:\/\/navonaed.com\/","name":"Editorial Navona","description":"Nos gustan los libros","publisher":{"@id":"https:\/\/navonaed.com\/#organization"},"potentialAction":[{"@type":"SearchAction","target":{"@type":"EntryPoint","urlTemplate":"https:\/\/navonaed.com\/?s={search_term_string}"},"query-input":{"@type":"PropertyValueSpecification","valueRequired":true,"valueName":"search_term_string"}}],"inLanguage":"ca"},{"@type":"Organization","@id":"https:\/\/navonaed.com\/#organization","name":"Editorial Navona","url":"https:\/\/navonaed.com\/","logo":{"@type":"ImageObject","inLanguage":"ca","@id":"https:\/\/navonaed.com\/#\/schema\/logo\/image\/","url":"https:\/\/navonaed.com\/wp-content\/uploads\/logo-navona.svg","contentUrl":"https:\/\/navonaed.com\/wp-content\/uploads\/logo-navona.svg","width":155,"height":32,"caption":"Editorial Navona"},"image":{"@id":"https:\/\/navonaed.com\/#\/schema\/logo\/image\/"},"sameAs":["https:\/\/www.facebook.com\/people\/Reemocioart\/100076073310442\/"]}]}</script>
<!-- / Yoast SEO plugin. -->

Els meus dies a la pensió Wakeatte - Editorial Navona

Els meus dies a la pensió Wakeatte de Satoshi Yagisawa ens recorda que de vegades, n’hi ha prou amb trobar un lloc on sentir-se acollit per començar de nou.

Catàleg
